{"id":41,"name":"majatek","title":"Maj\u0105tek","desc":"","header":"Maj\u0105tek","lead":"","keywords":"","changes":"aktualizacja","menu":"","path":"\/majatek\/majatek.html","url":"\/majatek\/majatek.html","infoOwner":"\u0022REPTY\u0022 G\u00f3rno\u015bl\u0105skie Centrum Rehabilitacji im. Gen. Jerzego Zi\u0119tka z siedzib\u0105 w Tarnowskich G\u00f3rach","dateFirstPublicate":"2024-02-02 13:46:56","dateLastVersionPublicate":"2025-07-23 09:39:52","dateAvailableFrom":"2024-02-02 13:46:43","dateAvailableTo":"","type":"jednostki_Zwyk\u0142a","pageParams":[],"components":[{"id":"93bb94fe-7312-11e9-90c1-000c290e6fc2","type":"SectionDescription","name":"","description":"Zajawka sekcji","content":[]},{"id":"93bbe8e3-7312-11e9-90c1-000c290e6fc2","type":"PageTitle","name":"Tytu\u0142 strony","description":"Tytu\u0142 strony","content":{"title":"Maj\u0105tek"}},{"id":"93bc435c-7312-11e9-90c1-000c290e6fc2","type":"PageDescription","name":"","description":"Zajawka strony","content":[]},{"id":"93bcef8e-7312-11e9-90c1-000c290e6fc2","type":"ContentWYSIWYG","name":"Tre\u015b\u0107","description":"Tre\u015b\u0107 strony","content":{"content":"\u003Cp\u003EMaj\u0105tek \u0022REPTY\u0022 G\u00f3rno\u015bl\u0105skiego Centrum Rehabilitacji im. Gen. Jerzego Zi\u0119tka w Tarnowskich G\u00f3rach\u00a0na dzie\u0144 31 grudnia 2024 r.\u00a0obejmowa\u0142:\u003C\/p\u003E\n\u003Cp\u003E\u003Cstrong\u003EAktywa obrotowe - 16 986 545,37 z\u0142\u003C\/strong\u003E\u003C\/p\u003E\n\u003Cp\u003E\u003Cstrong\u003EAktywa trwa\u0142e - 74 862 159,25 z\u0142\u003C\/strong\u003E\u003C\/p\u003E\n\u003Cp\u003E\u003Cstrong\u003E\u003C\/strong\u003E\u003C\/p\u003E\n\u003Cp\u003E\u003Cstrong\u003E\u003C\/strong\u003E\u003C\/p\u003E\n\u003Cp\u003E\u003Cem\u003E\u017ar\u00f3d\u0142o: Sprawozdanie finansowe za rok 2024\u003C\/em\u003E\u003C\/p\u003E","promotion":false}},{"id":"93bd42ce-7312-11e9-90c1-000c290e6fc2","type":"Gallery","name":"Galeria","description":"Galeria"},{"id":"93bd956b-7312-11e9-90c1-000c290e6fc2","type":"Attachment","name":"Za\u0142\u0105czniki","description":"Za\u0142\u0105czniki do strony","content":[{"src":"\/resource\/56\/bip_raport_o_sytuacji_ekonomicznofinansowej_za_2022r.pdf","extension":"PDF","name":"b0bb492b3c0d0a78ddc2fa70bb62bf19.pdf","size":"6.58 MB"},{"src":"\/resource\/56\/Raport+o+sytuacji+ekonomiczno-finansowej+za+2023r..pdf","extension":"PDF","name":"fd39586bf1100fad80fa26e35138618e.pdf","size":"5.52 MB"},{"src":"\/resource\/56\/2025_raport+o+syt.+ekonom-fin+2024.pdf","extension":"PDF","name":"6d17558b0497993b29cf9f830c5a048f.pdf","size":"962.17 KB"}]},{"id":"d63e71ef-92cf-11f0-b976-00505697ccff","type":"PageThumbnail","name":"","description":"Miniaturka strony","content":[]}]}

Majątek

"REPTY" Górnośląskie Centrum Rehabilitacji im. Gen. Jerzego Ziętka z siedzibą w Tarnowskich Górach

jednostki_Zwykła

Tytuł strony

Treść

Treść strony

<p>Majątek "REPTY" Górnośląskiego Centrum Rehabilitacji im. Gen. Jerzego Ziętka w Tarnowskich Górach na dzień 31 grudnia 2024 r. obejmował:</p>
<p><strong>Aktywa obrotowe - 16 986 545,37 zł</strong></p>
<p><strong>Aktywa trwałe - 74 862 159,25 zł</strong></p>
<p><strong></strong></p>
<p><strong></strong></p>
<p><em>źródło: Sprawozdanie finansowe za rok 2024</em></p>

Załączniki

Załączniki do strony
