{"id":10,"name":"dane-osobowe","title":"Dane osobowe","desc":"","header":"Dane osobowe","lead":"","keywords":"","changes":"aktualizacja","menu":"","path":"\/dane-osobowe.html","url":"\/dane-osobowe.html","infoOwner":"Jednostka 3","dateFirstPublicate":"2021-07-30 13:39:34","dateLastVersionPublicate":"2025-03-26 08:56:40","dateAvailableFrom":"2021-07-30 13:38:45","dateAvailableTo":"","type":"jednostki_Zwyk\u0142a","pageParams":[],"components":[{"id":"93bb94fe-7312-11e9-90c1-000c290e6fc2","type":"SectionDescription","name":"","description":"Zajawka sekcji","content":[]},{"id":"93bbe8e3-7312-11e9-90c1-000c290e6fc2","type":"PageTitle","name":"Tytu\u0142 strony","description":"Tytu\u0142 strony","content":{"title":"Dane osobowe"}},{"id":"93bc435c-7312-11e9-90c1-000c290e6fc2","type":"PageDescription","name":"","description":"Zajawka strony","content":[]},{"id":"93bcef8e-7312-11e9-90c1-000c290e6fc2","type":"ContentWYSIWYG","name":"Tre\u015b\u0107","description":"Tre\u015b\u0107 strony","content":{"content":"\u003Cp\u003E\u003Cstrong\u003ERealizuj\u0105c obowi\u0105zek informacyjny, o kt\u00f3rym mowa w art. 13 oraz art. 14 Rozporz\u0105dzenia Parlamentu Europejskiego i\u00a0Rady (UE) 2016\/679 z dnia 27 kwietnia 2016 r. w sprawie ochrony os\u00f3b fizycznych w zwi\u0105zku z\u00a0przetwarzaniem danych osobowych i\u00a0w sprawie swobodnego przep\u0142ywu takich danych oraz uchylenia dyrektywy 95\/46\/WE (og\u00f3lne rozporz\u0105dzenie o ochronie danych) (Dz. U. UE. L. z 2016 r. Nr 119, str. 1 z p\u00f3\u017an. zm.) - dalej\u003Cspan\u003E\u00a0\u003C\/span\u003E\u003Cem\u003ERODO\u003C\/em\u003E, informujemy co nast\u0119puje:\u003C\/strong\u003E\u003C\/p\u003E\n\u003Cp\u003E\u003Cstrong\u003EAdministratorem\u003C\/strong\u003E Pa\u0144stwa danych osobowych jest\u00a0\u003Cstrong\u003E\u0022REPTY\u0022 G\u00f3rno\u015bl\u0105skie Centrum Rehabilitacji im. Gen. Jerzego Zi\u0119tka\u003C\/strong\u003E\u00a0(dalej jako \u201eSzpital\u201d),\u003Cstrong\u003E\u003Cspan\u003E\u00a0\u003C\/span\u003E\u003C\/strong\u003Ez siedzib\u0105 w\u00a0Tarnowskich G\u00f3rach\u00a0(42-600), ul. Jana \u015aniadeckiego 1.\u00a0\u003C\/p\u003E\n\u003Cp\u003E\u00a0\u003Cstrong\u003EDane do kontaktu:\u003C\/strong\u003E\u003C\/p\u003E\n\u003Cul\u003E\n\u003Cli\u003Eadres e-mail:\u003Cspan\u003E\u00a0\u003C\/span\u003E\u003Ca href=\u0022mailto:sekretariat@wcpkubalonka.pl\u0022 title=\u0022Sekretariat WCP \u0026quot;Kubalonka\u0026quot; w Istebnej\u0022 target=\u0022_self\u0022\u003Esekretariat@repty.pl\u003C\/a\u003E\u003C\/li\u003E\n\u003Cli\u003Enumer telefonu: +48 (32)\u00a03901 414 (centrala)\u003C\/li\u003E\n\u003Cli\u003EInspektor Ochrony Danych -\u00a0\u003Cspan\u003E \u003C\/span\u003E\u003Ca href=\u0022mailto:iod@wcpkubalonka.pl\u0022 title=\u0022Inspektor ochrony danych\u0022\u003Eiod@repty.pl\u003C\/a\u003E\u003C\/li\u003E\n\u003C\/ul\u003E\n\u003Cp\u003E\u003Cstrong\u003EPa\u0144stwa Prawa:\u003C\/strong\u003E\u003C\/p\u003E\n\u003Cp\u003EMaj\u0105 Pa\u0144stwo prawo\u003Cstrong\u003E\u00a0\u003C\/strong\u003Edost\u0119pu do swoich danych, ich sprostowania, \u017c\u0105dania ich usuni\u0119cia, ograniczenia przetwarzania oraz przenoszenia danych. Przys\u0142uguje Ci r\u00f3wnie\u017c prawo wniesienia skargi do organu nadzorczego, je\u017celi Pana\/Pani dane s\u0105 przetwarzane niezgodnie z\u00a0przepisami prawa. W\u00a0przypadku gdy przetwarzanie danych osobowych odbywa si\u0119 na podstawie zgody na przetwarzanie danych osobowych (art. 6 ust. 1 lit a RODO), przys\u0142uguje Pani\/Panu prawo do cofni\u0119cia tej zgody w\u00a0dowolnym momencie. Cofni\u0119cie to nie ma wp\u0142ywu na zgodno\u015b\u0107 przetwarzania z obowi\u0105zuj\u0105cym prawem, kt\u00f3rego dokonano na podstawie zgody przed jej cofni\u0119ciem. W sytuacji, gdy przetwarzanie danych osobowych odbywa si\u0119 na podstawie zgody osoby, kt\u00f3rej dane dotycz\u0105, podanie przez Pani\u0105\/Pana danych osobowych Administratorowi ma charakter dobrowolny, jednak\u017ce ich niepodanie b\u0119dzie skutkowa\u0142o niemo\u017cno\u015bci\u0105 realizacji celu, dla kt\u00f3rego dane mia\u0142y zosta\u0107 zebrane. Podanie przez Pani\u0105\/Pana danych osobowych jest obowi\u0105zkowe, w sytuacji, gdy przes\u0142ank\u0119 przetwarzania danych osobowych stanowi przepis prawa lub zawarta mi\u0119dzy stronami umowa.\u003C\/p\u003E\n\u003Cp\u003EDane osobowe Pacjent\u00f3w pozyskiwane s\u0105 z Narodowego Funduszu Zdrowia oraz od os\u00f3b reprezentuj\u0105cych Pacjent\u00f3w, tj. opiekun\u00f3w prawnych lub faktycznych.\u003C\/p\u003E\n\u003Cp\u003E\u003Cstrong\u003ECel przetwarzania:\u003C\/strong\u003E\u003C\/p\u003E\n\u003Cp\u003EDane osobowe Pacjent\u00f3w s\u0105 przetwarzane w celu\u00a0prowadzenia listy oczekuj\u0105cych na udzielenie \u015bwiadczenia zdrowotnego, udzielenia \u015bwiadcze\u0144 zdrowotnych, prowadzenia dokumentacji medycznej oraz wype\u0142nienia innych obowi\u0105zk\u00f3w prawnych ci\u0105\u017c\u0105cych na Administratorze, w tym sprawozda\u0144, rozlicze\u0144, archiwizacji, etc.\u003C\/p\u003E\n\u003Cp\u003EDane osobowe opiekun\u00f3w faktycznych\/prawnych s\u0105 przetwarzane w celu rejestracji i\u00a0rozliczenia pobytu, prowadzenia dokumentacji medycznej ma\u0142oletniego Pacjenta, realizacji prawa dost\u0119pu do dokumentacji medycznej, realizacji prawa do uzyskania informacji o stanie zdrowia oraz innych czynno\u015bci zwi\u0105zanych z udzieleniem \u015bwiadczenia zdrowotnego na rzecz ma\u0142oletniego Pacjenta. Dane osobowe mog\u0105 r\u00f3wnie\u017c by\u0107 przetwarzane do cel\u00f3w wynikaj\u0105cych z\u00a0prawnie uzasadnionych interes\u00f3w Administratora, np. przez okres przedawnienia roszcze\u0144. W pozosta\u0142ych przypadkach Pa\u0144stwa dane osobowe przetwarzane s\u0105 wy\u0142\u0105cznie na podstawie wcze\u015bniej udzielonej zgody.\u003C\/p\u003E\n\u003Cp\u003E\u003Cstrong\u003EPodstaw\u0105 prawn\u0105 przetwarzania Pa\u0144stwa danych\u003C\/strong\u003E\u00a0\u003Cstrong\u003Eosobowych\u003C\/strong\u003E\u003Cspan\u003E\u00a0\u003C\/span\u003Edla cel\u00f3w, o kt\u00f3rych mowa powy\u017cej, jest art. 6 ust. 1 lit. a, c, d lub f RODO.\u003C\/p\u003E\n\u003Cp\u003E\u003Cstrong\u003EOdbiorcami danych osobowych mog\u0105 by\u0107:\u003C\/strong\u003E\u003C\/p\u003E\n\u003Cul\u003E\n\u003Cli\u003Eorgany w\u0142adzy publicznej oraz podmioty wykonuj\u0105ce zadania publiczne lub dzia\u0142aj\u0105ce na zlecenie organ\u00f3w w\u0142adzy publicznej,\u003C\/li\u003E\n\u003Cli\u003Epodwykonawcy wykonuj\u0105cy zadania zlecone w imieniu Administratora,\u003C\/li\u003E\n\u003Cli\u003Einne podmioty, kt\u00f3re na podstawie stosownych um\u00f3w przetwarzaj\u0105 dane osobowe powierzone przez Administratora,\u003C\/li\u003E\n\u003Cli\u003Einne podmioty lecznicze, kt\u00f3rym Administrator przekazuje dane osobowe celem kontynuacji udzielenia \u015bwiadcze\u0144 zdrowotnych,\u003C\/li\u003E\n\u003Cli\u003Ew zakresie stanowi\u0105cym informacj\u0119 publiczn\u0105 dane mog\u0105 zosta\u0107 ujawniane ka\u017cdemu zainteresowanemu tak\u0105 informacj\u0105 w drodze z\u0142o\u017conego wniosku o udzielenie informacji publicznej lub\u00a0publikowane na stronie Biuletynu Informacji Publicznej Szpitala\u003C\/li\u003E\n\u003C\/ul\u003E\n\u003Cp\u003E\u003Cstrong\u003EPana\/Pani dane osobowe nie b\u0119d\u0105 przekazywane do pa\u0144stw znajduj\u0105cych si\u0119 poza Europejskim Obszarem Gospodarczym, jak r\u00f3wnie\u017c Administrator nie b\u0119dzie stosowa\u0142 wobec Pana\/Pani zautomatyzowanego podejmowania decyzji, w tym profilowania.\u003C\/strong\u003E\u003C\/p\u003E\n\u003Cp\u003EPa\u0144stwa dane osobowe b\u0119d\u0105 przetwarzane przez okres niezb\u0119dny do realizacji cel\u00f3w, okre\u015blonych powy\u017cej, jednak nie d\u0142u\u017cej ni\u017c 20 lat od dnia, w kt\u00f3rym po raz ostatni udzielono \u015bwiadczenia zdrowotnego lub przez okres przedawnienia roszcze\u0144 wynikaj\u0105cych z\u00a0udzielonych \u015bwiadcze\u0144 zdrowotnych lub w zwi\u0105zku z nimi.\u003C\/p\u003E","promotion":false}},{"id":"93bd42ce-7312-11e9-90c1-000c290e6fc2","type":"Gallery","name":"Galeria","description":"Galeria"},{"id":"93bd956b-7312-11e9-90c1-000c290e6fc2","type":"Attachment","name":"Za\u0142\u0105czniki","description":"Za\u0142\u0105czniki do strony","content":[{"src":"\/resource\/13\/001.+RODO+-+klauzula_dla_pacjentow.pdf","extension":"PDF","name":"1a7a48481b2530b3c0adc3263ed4bc36.pdf","size":"958.68 KB"},{"src":"\/resource\/13\/002.+RODO+-+klauzula+dla+kontrahenta.pdf","extension":"PDF","name":"b342942c3e306e655aa8a88fced167b6.pdf","size":"382.4 KB"},{"src":"\/resource\/13\/003.+RODO+-+klauzula+monitoringu+wizyjnego.pdf","extension":"PDF","name":"b4656bea14184f6a835c5016fcfc0aa1.pdf","size":"172.08 KB"}]},{"id":"d63e71ef-92cf-11f0-b976-00505697ccff","type":"PageThumbnail","name":"","description":"Miniaturka strony","content":[]}]}

jednostki_Zwykła

Tytuł strony

Treść

Treść strony

<p><strong>Realizując obowiązek informacyjny, o którym mowa w art. 13 oraz art. 14 Rozporządzenia Parlamentu Europejskiego i Rady (UE) 2016/679 z dnia 27 kwietnia 2016 r. w sprawie ochrony osób fizycznych w związku z przetwarzaniem danych osobowych i w sprawie swobodnego przepływu takich danych oraz uchylenia dyrektywy 95/46/WE (ogólne rozporządzenie o ochronie danych) (Dz. U. UE. L. z 2016 r. Nr 119, str. 1 z późn. zm.) - dalej<span> </span><em>RODO</em>, informujemy co następuje:</strong></p>
<p><strong>Administratorem</strong> Państwa danych osobowych jest <strong>"REPTY" Górnośląskie Centrum Rehabilitacji im. Gen. Jerzego Ziętka</strong> (dalej jako „Szpital”),<strong><span> </span></strong>z siedzibą w Tarnowskich Górach (42-600), ul. Jana Śniadeckiego 1. </p>
<p> <strong>Dane do kontaktu:</strong></p>
<ul>
<li>adres e-mail:<span> </span><a href="mailto:sekretariat@wcpkubalonka.pl" title="Sekretariat WCP &quot;Kubalonka&quot; w Istebnej" target="_self">sekretariat@repty.pl</a></li>
<li>numer telefonu: +48 (32) 3901 414 (centrala)</li>
<li>Inspektor Ochrony Danych - <span> </span><a href="mailto:iod@wcpkubalonka.pl" title="Inspektor ochrony danych">iod@repty.pl</a></li>
</ul>
<p><strong>Państwa Prawa:</strong></p>
<p>Mają Państwo prawo<strong> </strong>dostępu do swoich danych, ich sprostowania, żądania ich usunięcia, ograniczenia przetwarzania oraz przenoszenia danych. Przysługuje Ci również prawo wniesienia skargi do organu nadzorczego, jeżeli Pana/Pani dane są przetwarzane niezgodnie z przepisami prawa. W przypadku gdy przetwarzanie danych osobowych odbywa się na podstawie zgody na przetwarzanie danych osobowych (art. 6 ust. 1 lit a RODO), przysługuje Pani/Panu prawo do cofnięcia tej zgody w dowolnym momencie. Cofnięcie to nie ma wpływu na zgodność przetwarzania z obowiązującym prawem, którego dokonano na podstawie zgody przed jej cofnięciem. W sytuacji, gdy przetwarzanie danych osobowych odbywa się na podstawie zgody osoby, której dane dotyczą, podanie przez Panią/Pana danych osobowych Administratorowi ma charakter dobrowolny, jednakże ich niepodanie będzie skutkowało niemożnością realizacji celu, dla którego dane miały zostać zebrane. Podanie przez Panią/Pana danych osobowych jest obowiązkowe, w sytuacji, gdy przesłankę przetwarzania danych osobowych stanowi przepis prawa lub zawarta między stronami umowa.</p>
<p>Dane osobowe Pacjentów pozyskiwane są z Narodowego Funduszu Zdrowia oraz od osób reprezentujących Pacjentów, tj. opiekunów prawnych lub faktycznych.</p>
<p><strong>Cel przetwarzania:</strong></p>
<p>Dane osobowe Pacjentów są przetwarzane w celu prowadzenia listy oczekujących na udzielenie świadczenia zdrowotnego, udzielenia świadczeń zdrowotnych, prowadzenia dokumentacji medycznej oraz wypełnienia innych obowiązków prawnych ciążących na Administratorze, w tym sprawozdań, rozliczeń, archiwizacji, etc.</p>
<p>Dane osobowe opiekunów faktycznych/prawnych są przetwarzane w celu rejestracji i rozliczenia pobytu, prowadzenia dokumentacji medycznej małoletniego Pacjenta, realizacji prawa dostępu do dokumentacji medycznej, realizacji prawa do uzyskania informacji o stanie zdrowia oraz innych czynności związanych z udzieleniem świadczenia zdrowotnego na rzecz małoletniego Pacjenta. Dane osobowe mogą również być przetwarzane do celów wynikających z prawnie uzasadnionych interesów Administratora, np. przez okres przedawnienia roszczeń. W pozostałych przypadkach Państwa dane osobowe przetwarzane są wyłącznie na podstawie wcześniej udzielonej zgody.</p>
<p><strong>Podstawą prawną przetwarzania Państwa danych</strong> <strong>osobowych</strong><span> </span>dla celów, o których mowa powyżej, jest art. 6 ust. 1 lit. a, c, d lub f RODO.</p>
<p><strong>Odbiorcami danych osobowych mogą być:</strong></p>
<ul>
<li>organy władzy publicznej oraz podmioty wykonujące zadania publiczne lub działające na zlecenie organów władzy publicznej,</li>
<li>podwykonawcy wykonujący zadania zlecone w imieniu Administratora,</li>
<li>inne podmioty, które na podstawie stosownych umów przetwarzają dane osobowe powierzone przez Administratora,</li>
<li>inne podmioty lecznicze, którym Administrator przekazuje dane osobowe celem kontynuacji udzielenia świadczeń zdrowotnych,</li>
<li>w zakresie stanowiącym informację publiczną dane mogą zostać ujawniane każdemu zainteresowanemu taką informacją w drodze złożonego wniosku o udzielenie informacji publicznej lub publikowane na stronie Biuletynu Informacji Publicznej Szpitala</li>
</ul>
<p><strong>Pana/Pani dane osobowe nie będą przekazywane do państw znajdujących się poza Europejskim Obszarem Gospodarczym, jak również Administrator nie będzie stosował wobec Pana/Pani zautomatyzowanego podejmowania decyzji, w tym profilowania.</strong></p>
<p>Państwa dane osobowe będą przetwarzane przez okres niezbędny do realizacji celów, określonych powyżej, jednak nie dłużej niż 20 lat od dnia, w którym po raz ostatni udzielono świadczenia zdrowotnego lub przez okres przedawnienia roszczeń wynikających z udzielonych świadczeń zdrowotnych lub w związku z nimi.</p>

Załączniki

Załączniki do strony
